 -159 - (-39 + -17 + -31)?
-72
Calculate 87 + (-77 - -37) - 105.
-58
What is the value of (-3 - 2) + (-7 - (-55 + (11 - 7))) + 8?
47
40 - (88 - (-59 + 5))
-102
What is 8786 + -8772 - (2 - -110)?
-98
Evaluate (-1461 - -1505) + (-2 - 36).
6
What is 91 + (4 - 44) + (-9 - -29)?
71
Evaluate -2 - (5 - -30) - (-5 + 5 - -13).
-50
Calculate 1 - 49 - (-258 + 237).
-27
(-476 - -494) + (1 - 34) - 31
-46
What is 294 + -176 + -104 - (1 + -26)?
39
What is -35 - (-33 + 10) - -30?
18
Evaluate 4 - (39 - (35 + 40)).
40
Evaluate (0 - (-2 - -21 - 14) - (2 + 115)) + -5.
-127
Evaluate -1985 + 1960 - (-5 + 0).
-20
What is the value of (-62 - -33) + 18 - (-102 - 1)?
92
What is the value of (14 - 12 - -13 - 1) + 6?
20
What is the value of 3 - (14 + (-8 - (-10 + 14) - -10)) - 59?
-68
Evaluate (0 - 2) + -70 + (13 - 11) + -186 + 180.
-76
What is 18 - (-2 + -5 + 10 + -3 - -9)?
9
What is the value of 87 + -224 + -12 + 21 + 6?
-122
Evaluate (256 - 126) + (48 - 64).
114
What is the value of -1 - 88 - (-185 - (-51 + -112))?
-67
What is the value of (1 - -2) + -55 + 64 + -30 + -48?
-66
Calculate -13 - (-24 + -23) - 40.
-6
Evaluate 126 + -143 + (-1 - 0) + (1 - (2 + 1)).
-20
Evaluate 13 + 53 + -59 + 25.
32
Evaluate 0 + 63 + -4 + -1 + 5 + 38 + -36.
65
What is (9 - (15 - 11 - -7) - -56) + -1?
53
Calculate 106 + -13 - (-109 - (-19 - 53)).
130
Calculate 138 - -157 - 202 - (1 - -11).
81
-66 + 29 + 13 + -19
-43
What is 50 + (161 - 185) + 44 + (6 - 5)?
71
Evaluate 22 + (15 - -8) - 16 - 35.
-6
What is the value of 13 + (-138 - (-12 - 18 - -2))?
-97
9 + (0 + (0 - 15) - -15) + 100
109
Evaluate -6 + (13 - (24 - 9)) - (22 + 7 - 7).
-30
Evaluate 49 - 0 - ((0 - (21 + -33)) + (10 - 24)).
51
What is the value of (22 + -45 - 49) + (-1 - -4 - -11)?
-58
(17 - 74 - -7) + -13 + 23
-40
What is (42 - (-95 + 61)) + -96?
-20
What is -10 - (-1 + -3 + -10 + (1 - -4) + 4)?
-5
(54 - -33) + -96 + 3
-6
Evaluate -3 + 1 + (1 - (16 + -7 + -48)) + -3.
35
Calculate 107 - 7 - (1490 + -1390).
0
What is (129 - 200) + (-3 - 4)?
-78
Calculate -20 + -49 + 31 + 7.
-31
What is the value of 7 - (-153 + 3 - (218 + -257))?
118
18 - (-84 + 77) - -39
64
What is the value of (-8 - -15) + -4 + 13 - (1 + 43)?
-28
Calculate 31 - (0 - -1) - (54452 + -54443).
21
Calculate (6647 - 6755) + 195 + 3.
90
Evaluate -1 + 20 + (-19 - -33) - 1.
32
What is (0 - (0 - 25)) + (858 - 844) + -11?
28
What is the value of -5 - (83 - 112 - (-14 - 4))?
6
What is the value of 9 + -1 + -15 + 46 + -13?
26
What is (182 - -18) + -217 + 83?
66
-4 + (-13 - -23) + (-4 + -46 - 0)
-44
-1 + 4 + -4 + 24 + (7 - 35)
-5
What is -44 - -51 - (-1 + 6 - -5 - 7) - 43?
-39
What is the value of (-42 - (-57 - -20) - -1) + 1 + -26?
-29
Evaluate 21 + -18 + 3 - (-3 + 7) - 39.
-37
What is -3 - -23 - ((10 + -31 - -11) + (3 - -5))?
22
-9 + (-32 - (-17 + 32))
-56
67 + (32 - -30) + -198
-69
What is the value of 70 - 51 - (30 + -75)?
64
What is (0 + -2 - 2 - 14) + (17 - 47 - -31)?
-17
Evaluate -18 + -1 + -3 + 7 + -4 + 6 - 113.
-126
What is -18 + (18 - (-54 - -67))?
-13
What is the value of -2 + -26 + -77 + 35 - -12?
-58
Calculate -232 - -311 - (-4 + 11 + -7).
79
(-6 - (-125 + 95)) + 56
80
What is (-177 - -117) + -45 + 127?
22
Evaluate (5 - ((-211 - -194) + 0 + 11)) + -7 + -2.
2
What is 1 + -10 + 0 - (30 - (85 + -71))?
-25
(11 - (-26 - -19)) + (-4 - 0) + -7
7
What is the value of -34 + -16 + (6 - -58)?
14
-60 - -26 - (-7 - (12 + -7))
-22
-413 + 434 + -10 + (-53 - -9)
-33
-15 + 14 + (-16 - (-4 + -4 + -3 + -1))
-5
Calculate (-75 - -7) + -37 + (-42 - -89).
-58
Evaluate (5 + -1 - -2) + (-115 - -124) + -51.
-36
What is 57 - 4 - (384 - 398)?
67
1 + 0 + 3 - (-201 + (-126 - -377))
-46
Evaluate 3 - (-132 + 130 + 17).
-12
What is (-2 - 75) + (35 - 16 - 42) + 38?
-62
Calculate -23 - (-80 + 32 - -9) - -61.
77
What is the value of -110 + 52 - -40 - -15?
-3
Calculate 17 + (-3 - 0) + -4561 + 4497.
-50
What is (17 + (-7 - 18) - (1 - -2)) + 119?
108
Evaluate (-28 - (22 - (-12 - -24))) + -1 + 4 + 6.
-29
What is (-2 + 0 - -2) + -7 + (11 - 12) + -10?
-18
29 - ((7 - 32) + 52) - (-3 - (-35 + -3))
-33
Calculate (-13 - (15 - 6)) + 10 + -29 + 2 - -10.
-29
-134 + 46 - -45 - (-17 + -3)
-23
What is the value of 0 + 9 - 3 - (-32 - (-12 + 8))?
34
Evaluate 0 + (171 - 163) + (20 - -1) + -5.
24
What is 25 + -4 + (44 - 16)?
49
5 + 13 + 2 + -1 + -11 + 135 + -137
6
What is -33 - 2 - (-1982 - -1992)?
-45
-2 + (16 - (90 - 55 - (-21 + 4)))
-38
3 - (913 - 1024 - (1 - 0 - 11)) - -12
116
Calculate -22 - (16 + 25 - 22 - 20).
-21
Calculate 3 + -27 + -5 + (-25 + 50 - 28).
-32
What is the value of (3 + -2 - (-111 - -97)) + 6?
21
What is the value of (24 - -21) + (-10 - 0) + -13 + -3?
19
Evaluate (16 - 1) + 4 - (304 - 223).
-62
3786 + -3817 - (1 - 61)
29
Evaluate 34 + 3 - (130 - (99 + -15)).
-9
(-9 + -2 - 2) + (-216 - (0 - 233))
4
Evaluate (-17 - -31 - (92 - 12)) + 16.
-50
What is -104 + -11 + 50 - -79?
14
(-110 - -83) + (-12 - -32)
-7
What is the value of (-262 - -254) + -4 + 13 + 0 - -87?
88
9 - (-113 + 5) - (-15 - 13)
145
What is the value of (5 - -42) + (-288 - -269)?
28
What is the value of 188 + (-141 - -16) - (2 + 0)?
61
Calculate 2 + -9 - ((-10 + 2 - 12) + (18 - 29)).
24
What is the value of -7 - -1 - (158 - 156) - (-6 + -2)?
0
Calculate 63 + (-33 - 75 - -5).
-40
32 - (-35 - (12 + -64))
15
What is the value of 1 + -77 + 8899 + -8738?
85
Calculate 9 - (1 + 21 - (-27 + -30 + 60)).
-10
Evaluate (197 - 269) + (22 - 2).
-52
Evaluate 9 - -1 - (-25 + (-93 - 3)) - (3 - -12).
116
What is the value of 58 - (56 - (21 + -57))?
-34
Evaluate 5 - (-45 - (-50 + 44) - -67).
-23
What is the value of (4 - 3) + 23 + -16 + -1 + -5 - -11?
13
What is 7 + (-33980 - -33896 - (0 + 1 - (2 - -6)))?
-70
Calculate -135 - -63 - -120 - (7 - 30).
71
Calculate -6 + (4 + 40 - (-19 + 31)).
26
What is the value of -8 + (20 - ((57 - 2) + -36))?
-7
Evaluate 171 - 190 - (-140 + 132 - (-102 - 1)).
-114
Calculate (-2 - -17) + 1 - (1387 + -1398) - -10.
37
What is the value of -34 + 15 + -13 + -47?
-79
Evaluate -32 + 63 + (-16 - -27) + -120.
-78
Calculate (-17 - 14 - 54) + 16 + (0 - -13).
-56
Evaluate (13 - -6) + (1 - -9 - 2 - (-136 - -153)).
10
Calculate (-292 + 235 - -100) + (67 - 0).
110
-33 - (46 + (-130 - -10 - 28))
69
Evaluate 21 - (-26 - (4 - 20) - 4).
35
Evaluate -25 + (14 - 15) + 25 + -34.
-35
Evaluate 152 + (-207 + 53 - -1).
-1
(-152 - -64 - -18) + (-1 - -28)
-43
Calculate (-29 - 22) + 77 + 1.
27
What is the value of 3 + -38 + -1 + 2 + -7 - (-67 + 73)?
-47
Calculate (122 - -21) + -157 + 139.
125
Calculate -6 + 23 + (12 - 9) + 1 + (4 - 12).
13
Evaluate 15 - (44 - (2 + 11)) - (6 - -8).
-30
What is the value of (34 - (-4 - -5)) + (-2 - (36 + -27))?
22
26 + -17 + 29 + -112 + -15
-89
78 + (78 - (-46 + 208))
-6
What is (191 + -195 - (-6 - (-65 + -7))) + 1?
-69
Evaluate -49 - -21 - 50 - (-1 - 7 - 3).
-67
(72 - 0) + (-19 - -19) + -155 + 149
66
Calculate 1 - ((-31 - (-1 - 33)) + (6 - 3) + -3).
-2
What is -20 + 8 + 1 + 14 + -359 + 430?
74
What is -65 - (-54 + (14 - -25) - (-29 + 0 - 0))?
-79
Evaluate 37 - 38 - (4 + -9 + 45).
-41
Evaluate (2694 - 2765) + (10 - (-1 - (5 + -4))).
-59
What is (-202 - -24) + 75 + 10?
-93
Evaluate 30 + (36 - 27) + (2 - 9) + -4.
28
Calculate (-27 - -72) + -45 + 58.
58
Evaluate 98 + 112 + -133 - 138.
-61
What is 0 + 9 - (30 - 9) - 20?
-32
Evaluate 10 + (-119 - -4) + 20 + (19 - 1).
-67
21 + (29 - -14) - 33
31
What is the value of (33 - (150 - (84 - 52))) + (-2 - -6)?
-81
What is (-15 - -33) + (3 - 9 - 3) + -12 - -49?
46
What is 24 + (-39 - (-75 - -10))?
50
What is the value of 6 + -2 + 8 + 9 + (-14 - 0) + -8?
-1
What is the value of (9 - (26 + (-4 - -8 - -3))) + -1?
-25
What is the value of -13 + 19 + 25 + -11 + -35?
-15
Calculate -8 + -21 + 47 + 13 - (4 + -13).
40
What is 11 - 30 - 1 - -53 - 21?
12
What is the value of (2 - 59) + (-55 - -76)?
-36
-51 + 74 + (-15 - (18 + -19))
9
What is the value of 114 - 140 - ((-3 - (1 - 1)) + (6 - 11))?
-18
Evaluate 35 - (0 - -4 - (1 + -8)) - 7.
17
What is the value of -6 - (4 + 47 - (144 + -139))?
-52
What is -1 - (9 + 57 + -47)?
-20
-9 + 55 - (0 + 0 - (120 + -114))
52
What is 1 + -28 + 60 + 59 + -100?
-8
What is -87 + 87 - -48 - 93?
-45
Evaluate 58 - 2 - (-28 + 44 + 3).
37
What is the value of (0 - 6 - -7 - 8) + (23 + -17 - 33)?
-34
-455 - -470 - (-4 + 67 + -3)
-45
What is the value of (9 - ((7 - -8